 1.
-5
What is the value of (8 - 4) + -2 + (0 - 4)?
-2
(2 - 0) + (-2 - (-5 + 1))
4
(-3 - (-14 + 7)) + 1
5
What is the value of 1 + 1 + -3 + 6 - 3?
2
What is 7 + (-10 - -6) + 8 - 4?
7
Evaluate -1 + -4 + 9 - 0.
4
What is the value of (8 - 10) + (1 - 2)?
-3
7 + (-11 - (3 - 9)) + -4
-2
What is the value of -1 - (1 + (5 + -4 - 3))?
0
What is 4 + (-5 - -2 - -6 - 5)?
2
Evaluate 1 - (5 - (10 + -2)).
4
Evaluate (-7 + 2 - -2) + -3.
-6
Evaluate 3 + 0 + (8 + -4 - 4).
3
What is -7 + (4 - -3) - (-4 + 2)?
2
Calculate 0 + (-1 - 0 - 1).
-2
1 - 7 - (11 - 13)
-4
6 + (1 - 1) + -1
5
What is (-3 - -2) + 22 + -17?
4
Calculate (9 + -15 - -10) + -9.
-5
0 - (-3 + (3 - 3)) - -1
4
What is the value of 3 - (8 - 4) - 1?
-2
What is the value of -5 - (3 - (-6 - -9))?
-5
Evaluate (0 - -3 - 2 - -1) + -5.
-3
Calculate -2 + -1 + (6 - (-1 - -9)).
-5
Evaluate 4 + (3 - 1) + (-3 - 0).
3
Calculate 2 + 1 + -4 + (-11 - -11).
-1
Calculate -4 - (2 + -2 + 2) - -7.
1
-1 + -4 + -5 + 11
1
What is the value of 0 + -2 + (-4 - (6 - 13))?
1
What is the value of 18 - (21 + -2 - 8)?
7
Calculate (5 - -1) + -4 + 11 + -7.
6
What is 2 + (1 - -1) - 4 - 0?
0
What is the value of -6 - ((10 - 1) + -4 - 9)?
-2
1 - 1 - (55 - 62)
7
Evaluate -3 + 3 + -12 + 4 + 4.
-4
What is 5 - (-2 - (-1 - 1))?
5
-4 + 9 + 17 + -8 - 8
6
Calculate -5 + (5 - (-1 - 0)).
1
Evaluate 5 + -8 + (5 - 3) + 7.
6
(-2 + 4 - -3) + -8
-3
What is 2 + 4 - -3 - (0 - -5)?
4
-6 + 0 + 3 + (-3 - -1)
-5
What is the value of 1 - (-3 - 3) - 2?
5
Calculate (-4 - -1) + 4 - (-2 + 2).
1
4 + (12 + 0 - (-17 - -22))
11
What is -7 - -4 - (-14 + 11)?
0
(-17 - -8) + -4 + 18
5
What is the value of (6 - 6) + -3 + 0?
-3
Evaluate 1 + -8 + -2 - -4 - -4.
-1
What is -17 + (-11 - -10 - -11)?
-7
What is -5 + ((8 - 6) + 1 - 0)?
-2
5 - 3 - 1 - 1
0
What is the value of 1 + (-1 - 1 - -4 - -2)?
5
What is the value of -39 - -54 - (8 - -3)?
4
Evaluate (-3 - -1) + 2 - (8 - 6).
-2
Calculate (-13 + 21 - (7 - 4)) + 1.
6
Evaluate (-2 - 1) + (1 - 2) - -5.
1
What is the value of -3 + 7 + -9 - -6?
1
(2 + -6 - -1) + 7 - 2
2
0 + -2 - (48 - 52)
2
What is -14 + 8 - -4 - 0?
-2
Evaluate 13 + (-8 - -2) - 2.
5
Calculate 4 + 6 + -7 + -6.
-3
Evaluate (0 - -8) + -38 + 28.
-2
3 - 8 - (0 - 3 - -2)
-4
Calculate -3 - (2 - (4 + 1) - -1).
-1
Evaluate 1 - (2 + 2) - (-7 + 8).
-4
Calculate -5 + (3 + -2 - -1).
-3
(2 - -1) + -7 + (-11 - -14)
-1
What is the value of -3 - 4 - (-4 + 13 - 11)?
-5
Calculate (-3 - -7) + (3 - (2 - -5)).
0
(8 - 7) + (-8 - -2)
-5
What is -8 - (1 + -3 - 2) - -8?
4
What is the value of (3 - (3 + -2)) + (9 - 7)?
4
(-13 - -9 - (1 + -3)) + 4
2
What is the value of 1 + -3 + (2 - (-5 + 4))?
1
-1 + 4 + -5 + 1 - -1
0
Calculate (3 - 2) + (-4 - -1) + 1.
-1
Evaluate 10 - 4 - (0 + -1 - -6).
1
What is the value of 9 - (10 + -8 + 1)?
6
What is 3 + -1 + -40 + 36?
-2
What is 2 + 16 + -14 - 8?
-4
What is -6 - (8 - 11) - (-5 + -1)?
3
Calculate 0 + (-6 - -2) - (33 + -38).
1
What is the value of -8 + 3 - (8 + -3) - -5?
-5
Calculate 5 + -7 - (8 - 6).
-4
What is the value of (-2 + 1 - 0) + (33 - 28)?
4
3 - 0 - (0 - -1)
2
-1 + 0 - (-6 - -4 - -2)
-1
Evaluate 0 + (3 - (-6 - -3 - -1)).
5
What is (3 - 6) + -2 - (-1 - 0)?
-4
-4 + (-3 - (-4 - -2))
-5
What is -5 + (6 - 0) - -3?
4
Evaluate 0 - -7 - (6 + (14 - 20)).
7
Evaluate 6 + -8 + 2 - -8.
8
8 + -9 + (-1 - -1) + 1
0
What is the value of -1 - -1 - (-20 + 15)?
5
What is (-12 - -11) + (-5 - (1 - 2))?
-5
Calculate -2 - (-3 - 3) - 4.
0
Calculate 4 - (-6 - -4) - 2.
4
What is the value of -4 + (5 - -9) + -8?
2
Calculate 4 - 6 - -2 - -7.
7
3 + 2 + -4 + 2 + 1
4
Calculate -2 - (2 - ((-5 - -11) + 2)).
4
Evaluate (13 - (8 + -1 + -1)) + -11.
-4
Calculate -3 - (-5 - 10) - 7.
5
Calculate 11 + 2 + (-2 - 5).
6
(11 + -11 - 13) + (0 - -4)
-9
-4 + 1 - -2 - -2
1
1 - (-6 + 3 + 7) - -3
0
What is the value of (-3 + 0 - -5) + -3 - -1?
0
Calculate -11 - (1 - (9 + -4)).
-7
Calculate 6 + (-1 + 2 - 6) + 3.
4
What is the value of (-4 - -8 - (-2 - -1)) + -4?
1
(0 - 7 - -2) + 0
-5
Evaluate (1 - -7) + -3 + -5.
0
What is the value of -5 - -8 - 8 - -9?
4
-3 + 5 + (-2 - -2)
2
What is -1 + 5 + (-1 - 1) - 3?
-1
Evaluate -1 + 11 + -4 - 13.
-7
What is 8 + -21 + 3 - 5 - -9?
-6
Calculate 3 - (-5 - (-12 + 3 - -3)).
2
-4 + (1 - -4) + -7
-6
Calculate -6 + (-3 - -3 - -1).
-5
Evaluate -13 + 5 + (-1 - -4).
-5
What is the value of (-7 - (1 + 3 + -5)) + 1?
-5
What is 0 + 4 - (4 + -4 + 0)?
4
Evaluate 0 + (7 - 10) + 6.
3
What is the value of 7 + -21 + -1 + 8?
-7
-4 - (0 - (3 + 2 + -3))
-2
What is the value of -5 + (6 - (1 - 1))?
1
(-10 + 1 - (9 + -14)) + 4
0
What is 6 + (2 - (-2 - -3) - 3)?
4
What is 8 + -8 + -2 + 4?
2
What is 0 - -4 - (2 + 4 - -1)?
-3
Evaluate 16 - (15 - 8 - -2).
7
(12 - (14 + -8)) + -2 + -9
-5
What is 5 + (-1 - (0 + 1)) + -5?
-2
Calculate (1 - 1) + -16 + 11 + 3.
-2
What is the value of -18 + 5 + 8 + (10 - 4)?
1
Calculate (-6 - (-17 + 9)) + -1 + -1.
0
53 - 47 - (12 - 1)
-5
What is the value of -12 + (11 - 5) + (8 - -2)?
4
255 + -252 + (3 - 2) + 2
6
What is the value of -1 - ((-2 - 3) + 1)?
3
Evaluate 5 + -12 + (-2 - -5).
-4
What is the value of 4 - (-10 + 8 - 0)?
6
Calculate 0 + (7 - 2) - -1 - 2.
4
Calculate 5 - (-2 - -10 - (3 - -1)).
1
Evaluate -5 + -1 + 7 + 0.
1
What is the value of 4 - (5 + -4 - 2)?
5
What is 2 + -10 - 1 - (24 - 28)?
-5
Evaluate 6 + (-8 - (2 + -5)).
1
Calculate 0 + (2 - (4 + (-5 - 0))).
3
Evaluate 3 + 9 + -7 + 0 + -4.
1
4 + 2 + 0 + 19 + -18
7
Evaluate -13 - (-10 + 1) - 2.
-6
Calculate (-2 - (-6 + 10)) + 2 - -3.
-1
What is -1 - (0 + -8 - -4 - -1)?
2
What is the value of -3 - 1 - -1 - (11 + -12)?
-2
What is the value of -7 + (4 - 5) + 5?
-3
Calculate 7 - (-4 - -5 - -2).
4
-5 + 6 + 5 + (7 - 5)
8
7 + -17 + 11 - (4 + -1)
-2
What is -2 + 11 + -18 + 12?
3
Calculate (4 - -1) + 11 + (-29 - -10).
-3
What is the value of (4 - 2) + -5 + -2?
-5
What is the value of (52 - 52) + (0 - 4)?
-4
Evaluate (-1 - -1) + 3 + (7 - 5).
5
0 + 4 - (-7 - -8 - -7)
-4
Evaluate 0 + -2 + 7 + -1.
4
What is -7 + (5 - 0 - (2 + 1))?
-5
What is the value of -3 - (-10 + 4 - -4)?
-1
What is the value of -3 - (-2 + 7) - -6?
-2
3 + -10 + 6 + 7
6
What is the value of -7 + 3 + (6 - 4)?
-2
(-2 - (0 - 8)) + -1
5
What is 5 + 0 + 8 + -10?
3
Calculate 5 + -5 - -6 - 7.
-1
What is the value of -1 + (-3 - (6 - 9))?
-1
Evaluate 2 - -1 - (20 - 20).
3
What is the value of -1 + 4 + -3 + -5?
-5
Calculate -11 - 2 - -6 - -2 - 4.
-9
What is the value of 2 - (-6 - 1 - -6)?
3
Calculate 7 + 0 + 39 + -53.
-7
Evaluate 2 - (4 - 2) - (-6 + 7).
-1
Evaluate (-4 + 1 + 0 - 6) + 7.
-2
Evaluate -1 - (0 - (1 - -1)).
1
(0 - -2) + -6 - 1
-5
Evaluate 0 + 6 - (7 - 7).
6
Evaluate (-2 - -2) + (-3 - -3) - -2.
2
Calculate 1 + (-7 - (-3 + 2)).
-5
What is the value of 42 + -38 + -8 + -1?
-5
Calculate 0 + (7 - (-5 + 7)).
5
Calculate -1 + -2 + 5 + -2 + 5.
5
1 + 1 - (-5 + 2 + 5)
0
(0 - 3) + (5 - 3) + 3
2
-9 + 6 + -1 + -3 + 3
-4
What is the value of -3 - (0 + -5 + 2)?
0
Evaluate -9 + 1 - (38 - 39).
-7
What is -3 - 1 - (-24 - -19)?
1
0 - 2 - (-8 + (12 - 5))
-1
What is -89 + 101 - (2 + 1)?
9
Calculate -1 + (-2 - (-2 + -3 + 3)).
-1
What is the value of 2 - (-5 + (-7 + 5 - -6))?
3
Evaluate 4 - 10 - (5 - (22 + -6)).
5
What is the value of -7 + (7 - 1) + (3 - 5)?
-3
4 - ((-3 - -5) + 2) - -5
5
-8 + 0 + 8 - -6
6
What is the value of 4 + (3 - -1) + -3?
5
Calculate 1 - (13 + -5) - -2.
-5
10 - (1 + 3 + 5)
1
Evaluate 2 + 2 + (4 - (2 - -2)).
4
Evaluate 1 + 2 + -7 - 1.
-5
Calculate (6 + -9 - 6) + 3.
-6
0 - (-5 + 3 + -1)
3
Evaluate -6 + (14 - 5) - (5 + -1).
-1
1 - (4 + 5 + -4) - -4
0
What is the value of -10 - ((-10 - -3) + 3)?
-6
What is the value of (0 - (1 + -3)) + (30 - 28)?
4
Calculate (-32 - -40) + (-4 - 3).
1
Calculate (-10 - -16) + (-6 - 0).
0
(4 - 3) + -1 + 3 + -3
0
Evaluate (-4 + -2 - (-39 - -26)) + 1.
8
What is the value of 2 + 2 + -9 + 4?
-1
Evaluate 2 - ((0 - (-7 - -3)) + -6).
4
Calculate 4 + 5 + (-14 + 7 - -6).
8
Evaluate 1 - -1 - -10 - 6.
6
-3 + 1 + 9 + -5
2
Evaluate 6 - (-6 + 4 + 3 - 1).
6
What is the value of 0 + -3 - (23 + -23) - 0?
-3
Evaluate -6 - (2 - (1 + 3)).
-4
Evaluate 3 + (-5 - (-18 - -10)).
6
What is -2 + (3 - (-2 + 4) - 2)?
-3
What is -14 + 13 + (1 - -1) - 7?
-6
What is 2 + 2 + -6 + -2?
-4
What is (-3 - -6) + -2 + 0 + -6?
-5
Evaluate -9 + 9 + (0 - 2).
-2
(3 - 2) + -10 + 1
-8
What is the value of -4 + (0 + 4 - -2)?
2
What is -1 + (-1 - 7 - -8)?